{"id":55,"date":"2023-02-03T14:42:48","date_gmt":"2023-02-03T13:42:48","guid":{"rendered":"http:\/\/idhstba.cluster029.hosting.ovh.net\/?page_id=55"},"modified":"2025-09-29T11:05:47","modified_gmt":"2025-09-29T09:05:47","slug":"ou-nous-trouver","status":"publish","type":"page","link":"https:\/\/brasserieducriou.com\/index.php\/ou-nous-trouver\/","title":{"rendered":"Nos distributeurs"},"content":{"rendered":"\t\t<div data-elementor-type=\"wp-page\" data-elementor-id=\"55\" class=\"elementor elementor-55\">\n\t\t\t\t\t\t<section class=\"elementor-section elementor-top-section elementor-element elementor-element-7830d9a elementor-section-boxed elementor-section-height-default elementor-section-height-default\" data-id=\"7830d9a\" data-element_type=\"section\" data-e-type=\"section\">\n\t\t\t\t\t\t<div class=\"elementor-container elementor-column-gap-default\">\n\t\t\t\t\t<div class=\"elementor-column elementor-col-50 elementor-top-column elementor-element elementor-element-15deede\" data-id=\"15deede\" data-element_type=\"column\" data-e-type=\"column\">\n\t\t\t<div class=\"elementor-widget-wrap elementor-element-populated\">\n\t\t\t\t\t\t<div class=\"elementor-element elementor-element-8bced30 elementor-widget elementor-widget-heading\" data-id=\"8bced30\" data-element_type=\"widget\" data-e-type=\"widget\" data-widget_type=\"heading.default\">\n\t\t\t\t<div class=\"elementor-widget-container\">\n\t\t\t\t\t<h1 class=\"elementor-heading-title elementor-size-default\">Devenir Distributeur ?<\/h1>\t\t\t\t<\/div>\n\t\t\t\t<\/div>\n\t\t\t\t<div class=\"elementor-element elementor-element-59866f9 elementor-widget-divider--view-line elementor-widget elementor-widget-divider\" data-id=\"59866f9\" data-element_type=\"widget\" data-e-type=\"widget\" data-widget_type=\"divider.default\">\n\t\t\t\t<div class=\"elementor-widget-container\">\n\t\t\t\t\t\t\t<div class=\"elementor-divider\">\n\t\t\t<span class=\"elementor-divider-separator\">\n\t\t\t\t\t\t<\/span>\n\t\t<\/div>\n\t\t\t\t\t\t<\/div>\n\t\t\t\t<\/div>\n\t\t\t\t<div class=\"elementor-element elementor-element-f2d175d elementor-widget elementor-widget-text-editor\" data-id=\"f2d175d\" data-element_type=\"widget\" data-e-type=\"widget\" data-widget_type=\"text-editor.default\">\n\t\t\t\t<div class=\"elementor-widget-container\">\n\t\t\t\t\t\t\t\t\t<p>Vous \u00eates caviste, restaurateur, barman, \u00e9picerie, distributeur ?<\/p>\n<p>Nous avons certainement le produit qui conviendra \u00e0 vos clients !<\/p><p>Mise en place de tireuse possible pour les f\u00fbts, n&rsquo;h\u00e9sitez pas \u00e0 nous contacter.<\/p>\t\t\t\t\t\t\t\t<\/div>\n\t\t\t\t<\/div>\n\t\t\t\t<div class=\"elementor-element elementor-element-2fed27a elementor-align-center elementor-widget elementor-widget-button\" data-id=\"2fed27a\" data-element_type=\"widget\" data-e-type=\"widget\" data-widget_type=\"button.default\">\n\t\t\t\t<div class=\"elementor-widget-container\">\n\t\t\t\t\t\t\t\t\t<div class=\"elementor-button-wrapper\">\n\t\t\t\t\t<a class=\"elementor-button elementor-button-link elementor-size-sm\" href=\"https:\/\/brasserieducriou.com\/index.php\/contact\/\">\n\t\t\t\t\t\t<span class=\"elementor-button-content-wrapper\">\n\t\t\t\t\t\t\t\t\t<span class=\"elementor-button-text\">Contactez-nous<\/span>\n\t\t\t\t\t<\/span>\n\t\t\t\t\t<\/a>\n\t\t\t\t<\/div>\n\t\t\t\t\t\t\t\t<\/div>\n\t\t\t\t<\/div>\n\t\t\t\t\t<\/div>\n\t\t<\/div>\n\t\t\t\t<div class=\"elementor-column elementor-col-50 elementor-top-column elementor-element elementor-element-733787d\" data-id=\"733787d\" data-element_type=\"column\" data-e-type=\"column\">\n\t\t\t<div class=\"elementor-widget-wrap elementor-element-populated\">\n\t\t\t\t\t\t<div class=\"elementor-element elementor-element-df11ca7 elementor-widget elementor-widget-image\" data-id=\"df11ca7\" data-element_type=\"widget\" data-e-type=\"widget\" data-widget_type=\"image.default\">\n\t\t\t\t<div class=\"elementor-widget-container\">\n\t\t\t\t\t\t\t\t\t\t\t\t\t\t\t<img fetchpriority=\"high\" decoding=\"async\" width=\"768\" height=\"576\" src=\"https:\/\/brasserieducriou.com\/wp-content\/uploads\/2023\/01\/20210713_193906-768x576.jpg\" class=\"attachment-medium_large size-medium_large wp-image-11\" alt=\"Devenir distributeur ? Notre gamme permanente\" srcset=\"https:\/\/brasserieducriou.com\/wp-content\/uploads\/2023\/01\/20210713_193906-768x576.jpg 768w, https:\/\/brasserieducriou.com\/wp-content\/uploads\/2023\/01\/20210713_193906-scaled-600x450.jpg 600w, https:\/\/brasserieducriou.com\/wp-content\/uploads\/2023\/01\/20210713_193906-300x225.jpg 300w, https:\/\/brasserieducriou.com\/wp-content\/uploads\/2023\/01\/20210713_193906-1024x768.jpg 1024w, https:\/\/brasserieducriou.com\/wp-content\/uploads\/2023\/01\/20210713_193906-1536x1152.jpg 1536w, https:\/\/brasserieducriou.com\/wp-content\/uploads\/2023\/01\/20210713_193906-2048x1536.jpg 2048w\" sizes=\"(max-width: 768px) 100vw, 768px\" \/>\t\t\t\t\t\t\t\t\t\t\t\t\t\t\t<\/div>\n\t\t\t\t<\/div>\n\t\t\t\t\t<\/div>\n\t\t<\/div>\n\t\t\t\t\t<\/div>\n\t\t<\/section>\n\t\t\t\t<section class=\"elementor-section elementor-top-section elementor-element elementor-element-80c8786 elementor-section-boxed elementor-section-height-default elementor-section-height-default\" data-id=\"80c8786\" data-element_type=\"section\" data-e-type=\"section\">\n\t\t\t\t\t\t<div class=\"elementor-container elementor-column-gap-default\">\n\t\t\t\t\t<div class=\"elementor-column elementor-col-100 elementor-top-column elementor-element elementor-element-b73e496\" data-id=\"b73e496\" data-element_type=\"column\" data-e-type=\"column\">\n\t\t\t<div class=\"elementor-widget-wrap elementor-element-populated\">\n\t\t\t\t\t\t<div class=\"elementor-element elementor-element-247a7d4 elementor-widget elementor-widget-spacer\" data-id=\"247a7d4\" data-element_type=\"widget\" data-e-type=\"widget\" data-widget_type=\"spacer.default\">\n\t\t\t\t<div class=\"elementor-widget-container\">\n\t\t\t\t\t\t\t<div class=\"elementor-spacer\">\n\t\t\t<div class=\"elementor-spacer-inner\"><\/div>\n\t\t<\/div>\n\t\t\t\t\t\t<\/div>\n\t\t\t\t<\/div>\n\t\t\t\t<div class=\"elementor-element elementor-element-a63a95b elementor-widget elementor-widget-heading\" data-id=\"a63a95b\" data-element_type=\"widget\" data-e-type=\"widget\" data-widget_type=\"heading.default\">\n\t\t\t\t<div class=\"elementor-widget-container\">\n\t\t\t\t\t<h2 class=\"elementor-heading-title elementor-size-default\">O\u00f9 nous trouver ? <\/h2>\t\t\t\t<\/div>\n\t\t\t\t<\/div>\n\t\t\t\t<div class=\"elementor-element elementor-element-1a715eb elementor-widget-divider--view-line elementor-widget elementor-widget-divider\" data-id=\"1a715eb\" data-element_type=\"widget\" data-e-type=\"widget\" data-widget_type=\"divider.default\">\n\t\t\t\t<div class=\"elementor-widget-container\">\n\t\t\t\t\t\t\t<div class=\"elementor-divider\">\n\t\t\t<span class=\"elementor-divider-separator\">\n\t\t\t\t\t\t<\/span>\n\t\t<\/div>\n\t\t\t\t\t\t<\/div>\n\t\t\t\t<\/div>\n\t\t\t\t\t<\/div>\n\t\t<\/div>\n\t\t\t\t\t<\/div>\n\t\t<\/section>\n\t\t\t\t<section class=\"elementor-section elementor-top-section elementor-element elementor-element-eb6c0c9 elementor-section-boxed elementor-section-height-default elementor-section-height-default\" data-id=\"eb6c0c9\" data-element_type=\"section\" data-e-type=\"section\">\n\t\t\t\t\t\t<div class=\"elementor-container elementor-column-gap-default\">\n\t\t\t\t\t<div class=\"elementor-column elementor-col-33 elementor-top-column elementor-element elementor-element-f8e479b\" data-id=\"f8e479b\" data-element_type=\"column\" data-e-type=\"column\">\n\t\t\t<div class=\"elementor-widget-wrap elementor-element-populated\">\n\t\t\t\t\t\t<div class=\"elementor-element elementor-element-d6bf535 elementor-widget elementor-widget-heading\" data-id=\"d6bf535\" data-element_type=\"widget\" data-e-type=\"widget\" data-widget_type=\"heading.default\">\n\t\t\t\t<div class=\"elementor-widget-container\">\n\t\t\t\t\t<h2 class=\"elementor-heading-title elementor-size-default\">SAMOENS <\/h2>\t\t\t\t<\/div>\n\t\t\t\t<\/div>\n\t\t\t\t<div class=\"elementor-element elementor-element-8b034ed elementor-widget elementor-widget-heading\" data-id=\"8b034ed\" data-element_type=\"widget\" data-e-type=\"widget\" data-widget_type=\"heading.default\">\n\t\t\t\t<div class=\"elementor-widget-container\">\n\t\t\t\t\t<h3 class=\"elementor-heading-title elementor-size-default\">SUPERETTES \/ MAGASINS<\/h3>\t\t\t\t<\/div>\n\t\t\t\t<\/div>\n\t\t\t\t<div class=\"elementor-element elementor-element-b04b9b5 elementor-widget elementor-widget-text-editor\" data-id=\"b04b9b5\" data-element_type=\"widget\" data-e-type=\"widget\" data-widget_type=\"text-editor.default\">\n\t\t\t\t<div class=\"elementor-widget-container\">\n\t\t\t\t\t\t\t\t\t<p>Sherpa &#8211; 224 Rue Des Billets<\/p><p>L&rsquo;art des Choix &#8211; 102, Av. Cognacq Jay<\/p><p>GAEC le Criou &#8211; 95 CR de Br\u00e9<\/p><p>Carrefour Market &#8211; Lieu dit Les Sages<\/p>\t\t\t\t\t\t\t\t<\/div>\n\t\t\t\t<\/div>\n\t\t\t\t<div class=\"elementor-element elementor-element-4cfd364 elementor-widget elementor-widget-heading\" data-id=\"4cfd364\" data-element_type=\"widget\" data-e-type=\"widget\" data-widget_type=\"heading.default\">\n\t\t\t\t<div class=\"elementor-widget-container\">\n\t\t\t\t\t<h3 class=\"elementor-heading-title elementor-size-default\">RESTAURANTS \/ BARS \/ HOTELS<\/h3>\t\t\t\t<\/div>\n\t\t\t\t<\/div>\n\t\t\t\t<div class=\"elementor-element elementor-element-69006b7 elementor-widget elementor-widget-text-editor\" data-id=\"69006b7\" data-element_type=\"widget\" data-e-type=\"widget\" data-widget_type=\"text-editor.default\">\n\t\t\t\t<div class=\"elementor-widget-container\">\n\t\t\t\t\t\t\t\t\t<p><a href=\"https:\/\/www.bigbear-samoens.com\/le-lounge-bar?_gl=1*1wzb1fx*_up*MQ..*_ga*MjAxMzE4NjA5MC4xNzU5MTM1OTUw*_ga_MLW88DB99T*czE3NTkxMzU5NTAkbzEkZzAkdDE3NTkxMzU5NTAkajYwJGwwJGgw\" target=\"_blank\" rel=\"noopener\">BIG BEAR <\/a><span style=\"font-family: Helvetica, sans-serif; font-size: 14px; font-style: normal; font-variant-ligatures: normal; font-variant-caps: normal; font-weight: 400;\">\u00a0&#8211; 98B, place du Criou<\/span><\/p><p><a href=\"https:\/\/www.facebook.com\/lestartinesdemartine\/?locale=fr_FR&amp;checkpoint_src=any\" target=\"_blank\" rel=\"noopener\">Les Tartines de Martine<\/a>\u00a0&#8211;\u00a0<span style=\"font-family: Helvetica, sans-serif; font-size: 14px; font-style: normal; font-variant-ligatures: normal; font-variant-caps: normal; font-weight: 400;\">\u00a065, Grande Rue\u00a0<\/span><\/p><p>La Canette &#8211; 176, Grande Rue<\/p><p><span style=\"font-family: Helvetica, sans-serif; font-size: 14px; font-style: normal; font-variant-ligatures: normal; font-variant-caps: normal; font-weight: 400;\">La Cour &#8211; 385, Chemin de la cour<\/span><\/p>\t\t\t\t\t\t\t\t<\/div>\n\t\t\t\t<\/div>\n\t\t\t\t\t<\/div>\n\t\t<\/div>\n\t\t\t\t<div class=\"elementor-column elementor-col-33 elementor-top-column elementor-element elementor-element-1942388\" data-id=\"1942388\" data-element_type=\"column\" data-e-type=\"column\">\n\t\t\t<div class=\"elementor-widget-wrap elementor-element-populated\">\n\t\t\t\t\t\t<div class=\"elementor-element elementor-element-cde7a2f elementor-widget elementor-widget-heading\" data-id=\"cde7a2f\" data-element_type=\"widget\" data-e-type=\"widget\" data-widget_type=\"heading.default\">\n\t\t\t\t<div class=\"elementor-widget-container\">\n\t\t\t\t\t<h2 class=\"elementor-heading-title elementor-size-default\">VALLEE DU GIFFRE <\/h2>\t\t\t\t<\/div>\n\t\t\t\t<\/div>\n\t\t\t\t<div class=\"elementor-element elementor-element-50d56bf elementor-widget elementor-widget-text-editor\" data-id=\"50d56bf\" data-element_type=\"widget\" data-e-type=\"widget\" data-widget_type=\"text-editor.default\">\n\t\t\t\t<div class=\"elementor-widget-container\">\n\t\t\t\t\t\t\t\t\t<p><a href=\"https:\/\/fermeboisier.com\/\" target=\"_blank\" rel=\"noopener\">GAEC Les Places<\/a> &#8211; 2789, Rte du fer \u00e0 cheval 74440 LA RIVIERE ENVERSE<\/p><p>Au Vin qui Chante &#8211; 37, Av. des Th\u00e9zi\u00e8res &#8211; 74440 TANINGES<\/p><p><a href=\"https:\/\/lacremaillere-taninges.fr\/\" target=\"_blank\" rel=\"noopener\">La cr\u00e9maill\u00e8re<\/a> &#8211; 223 Rte du Lac, 74440 Taninges<\/p><p>Super U &#8211; 182, Rte d&rsquo;Anemasse &#8211; 74440 TANINGES<\/p><p>Vival Morillon &#8211; 340, Rte de Samo\u00ebns &#8211; 74440 MORILLON<\/p><p><a href=\"https:\/\/www.artisanduchocolat.fr\/\" target=\"_blank\" rel=\"noopener\">L&rsquo;artisan du chocolat<\/a> &#8211; 139, 131 rue de l&rsquo;\u00e9pure, 74440 Verchaix<\/p><p><a href=\"https:\/\/www.facebook.com\/p\/La-CASA-SARDA-100088305940985\/\">La Casa Sarda<\/a> &#8211; 64 Rue du Giffre, 74440 Verchaix<\/p><p>Sherpa &#8211; 89, Place de la gare &#8211; 74740\u00a0<span style=\"font-family: Helvetica, sans-serif; font-size: 14px; font-style: normal; font-variant-ligatures: normal; font-variant-caps: normal; font-weight: 400; color: var( --e-global-color-text );\">SIXT-FER-A-CHEVAL<\/span><\/p><p>R<a href=\"https:\/\/www.facebook.com\/RefugeDesFontsSixt\/\">efuge des Fonts<\/a> &#8211; Salvagny &#8211; 74740\u00a0<span style=\"font-family: Helvetica, sans-serif; font-size: 14px; font-style: normal; font-variant-ligatures: normal; font-variant-caps: normal; font-weight: 400; color: var( --e-global-color-text );\">SIXT-FER-A-CHEVAL<\/span><\/p><p><a href=\"https:\/\/www.facebook.com\/p\/%C3%89picerie-de-la-montagne-100063138344171\/\">Epicerie de la montagne<\/a> &#8211; 325, Rte de la montagne &#8211; 74440 MIEUSSY<\/p>\t\t\t\t\t\t\t\t<\/div>\n\t\t\t\t<\/div>\n\t\t\t\t\t<\/div>\n\t\t<\/div>\n\t\t\t\t<div class=\"elementor-column elementor-col-33 elementor-top-column elementor-element elementor-element-157e097\" data-id=\"157e097\" data-element_type=\"column\" data-e-type=\"column\">\n\t\t\t<div class=\"elementor-widget-wrap elementor-element-populated\">\n\t\t\t\t\t\t<div class=\"elementor-element elementor-element-d76b350 elementor-widget elementor-widget-heading\" data-id=\"d76b350\" data-element_type=\"widget\" data-e-type=\"widget\" data-widget_type=\"heading.default\">\n\t\t\t\t<div class=\"elementor-widget-container\">\n\t\t\t\t\t<h2 class=\"elementor-heading-title elementor-size-default\">HAUTE-SAVOIE<\/h2>\t\t\t\t<\/div>\n\t\t\t\t<\/div>\n\t\t\t\t<div class=\"elementor-element elementor-element-177cbab elementor-widget elementor-widget-text-editor\" data-id=\"177cbab\" data-element_type=\"widget\" data-e-type=\"widget\" data-widget_type=\"text-editor.default\">\n\t\t\t\t<div class=\"elementor-widget-container\">\n\t\t\t\t\t\t\t\t\t<p>Intermarch\u00e9 &#8211;\u00a0123 Rte de Montrenaz, 74490 Saint-Jeoire<\/p><p><span style=\"font-size: 14px;\">Intermarch\u00e9 &#8211; 2525 Av. des Vall\u00e9es, 74300 THYEZ<\/span><\/p><p><a href=\"https:\/\/www.loupachran.com\/fr\">Lou Pachran<\/a> &#8211; 290 Chem. des Parchets, 74190 PASSY<\/p>\t\t\t\t\t\t\t\t<\/div>\n\t\t\t\t<\/div>\n\t\t\t\t\t<\/div>\n\t\t<\/div>\n\t\t\t\t\t<\/div>\n\t\t<\/section>\n\t\t\t\t<section class=\"elementor-section elementor-top-section elementor-element elementor-element-69210c9 elementor-section-boxed elementor-section-height-default elementor-section-height-default\" data-id=\"69210c9\" data-element_type=\"section\" data-e-type=\"section\">\n\t\t\t\t\t\t<div class=\"elementor-container elementor-column-gap-default\">\n\t\t\t\t\t<div class=\"elementor-column elementor-col-100 elementor-top-column elementor-element elementor-element-e9f033f\" data-id=\"e9f033f\" data-element_type=\"column\" data-e-type=\"column\">\n\t\t\t<div class=\"elementor-widget-wrap\">\n\t\t\t\t\t\t\t<\/div>\n\t\t<\/div>\n\t\t\t\t\t<\/div>\n\t\t<\/section>\n\t\t\t\t<\/div>\n\t\t","protected":false},"excerpt":{"rendered":"<p>Devenir Distributeur ? Vous \u00eates caviste, restaurateur, barman, \u00e9picerie, distributeur ? Nous avons certainement le produit qui conviendra \u00e0 vos clients ! Mise en place de tireuse possible pour les f\u00fbts, n&rsquo;h\u00e9sitez pas \u00e0 nous contacter. Contactez-nous O\u00f9 nous trouver ? SAMOENS SUPERETTES \/ MAGASINS Sherpa &#8211; 224 Rue Des Billets L&rsquo;art des Choix &#8211; [&hellip;]<\/p>\n","protected":false},"author":1,"featured_media":373,"parent":0,"menu_order":0,"comment_status":"closed","ping_status":"closed","template":"elementor_header_footer","meta":{"footnotes":""},"class_list":["post-55","page","type-page","status-publish","has-post-thumbnail","hentry","entry","has-media","owp-thumbs-layout-horizontal","owp-btn-normal","owp-tabs-layout-horizontal","has-no-thumbnails","has-product-nav"],"yoast_head":"<!-- This site is optimized with the Yoast SEO plugin v27.5 - https:\/\/yoast.com\/product\/yoast-seo-wordpress\/ -->\n<title>Nos distributeurs - Brasserie du criou<\/title>\n<meta name=\"robots\" content=\"index, follow, max-snippet:-1, max-image-preview:large, max-video-preview:-1\" \/>\n<link rel=\"canonical\" href=\"https:\/\/brasserieducriou.com\/index.php\/ou-nous-trouver\/\" \/>\n<meta property=\"og:locale\" content=\"fr_FR\" \/>\n<meta property=\"og:type\" content=\"article\" \/>\n<meta property=\"og:title\" content=\"Nos distributeurs - Brasserie du criou\" \/>\n<meta property=\"og:description\" content=\"Devenir Distributeur ? Vous \u00eates caviste, restaurateur, barman, \u00e9picerie, distributeur ? Nous avons certainement le produit qui conviendra \u00e0 vos clients ! Mise en place de tireuse possible pour les f\u00fbts, n&rsquo;h\u00e9sitez pas \u00e0 nous contacter. Contactez-nous O\u00f9 nous trouver ? SAMOENS SUPERETTES \/ MAGASINS Sherpa &#8211; 224 Rue Des Billets L&rsquo;art des Choix &#8211; [&hellip;]\" \/>\n<meta property=\"og:url\" content=\"https:\/\/brasserieducriou.com\/index.php\/ou-nous-trouver\/\" \/>\n<meta property=\"og:site_name\" content=\"Brasserie du criou\" \/>\n<meta property=\"article:publisher\" content=\"https:\/\/www.facebook.com\/brasserieducriou\" \/>\n<meta property=\"article:modified_time\" content=\"2025-09-29T09:05:47+00:00\" \/>\n<meta property=\"og:image\" content=\"https:\/\/brasserieducriou.com\/wp-content\/uploads\/2023\/02\/criou-depuis-clevieux-scaled.jpg\" \/>\n\t<meta property=\"og:image:width\" content=\"1920\" \/>\n\t<meta property=\"og:image:height\" content=\"2560\" \/>\n\t<meta property=\"og:image:type\" content=\"image\/jpeg\" \/>\n<meta name=\"twitter:card\" content=\"summary_large_image\" \/>\n<meta name=\"twitter:label1\" content=\"Dur\u00e9e de lecture estim\u00e9e\" \/>\n\t<meta name=\"twitter:data1\" content=\"2 minutes\" \/>\n<script type=\"application\/ld+json\" class=\"yoast-schema-graph\">{\"@context\":\"https:\\\/\\\/schema.org\",\"@graph\":[{\"@type\":\"WebPage\",\"@id\":\"https:\\\/\\\/brasserieducriou.com\\\/index.php\\\/ou-nous-trouver\\\/\",\"url\":\"https:\\\/\\\/brasserieducriou.com\\\/index.php\\\/ou-nous-trouver\\\/\",\"name\":\"Nos distributeurs - Brasserie du criou\",\"isPartOf\":{\"@id\":\"https:\\\/\\\/brasserieducriou.com\\\/#website\"},\"primaryImageOfPage\":{\"@id\":\"https:\\\/\\\/brasserieducriou.com\\\/index.php\\\/ou-nous-trouver\\\/#primaryimage\"},\"image\":{\"@id\":\"https:\\\/\\\/brasserieducriou.com\\\/index.php\\\/ou-nous-trouver\\\/#primaryimage\"},\"thumbnailUrl\":\"https:\\\/\\\/brasserieducriou.com\\\/wp-content\\\/uploads\\\/2023\\\/02\\\/criou-depuis-clevieux-scaled.jpg\",\"datePublished\":\"2023-02-03T13:42:48+00:00\",\"dateModified\":\"2025-09-29T09:05:47+00:00\",\"breadcrumb\":{\"@id\":\"https:\\\/\\\/brasserieducriou.com\\\/index.php\\\/ou-nous-trouver\\\/#breadcrumb\"},\"inLanguage\":\"fr-FR\",\"potentialAction\":[{\"@type\":\"ReadAction\",\"target\":[\"https:\\\/\\\/brasserieducriou.com\\\/index.php\\\/ou-nous-trouver\\\/\"]}]},{\"@type\":\"ImageObject\",\"inLanguage\":\"fr-FR\",\"@id\":\"https:\\\/\\\/brasserieducriou.com\\\/index.php\\\/ou-nous-trouver\\\/#primaryimage\",\"url\":\"https:\\\/\\\/brasserieducriou.com\\\/wp-content\\\/uploads\\\/2023\\\/02\\\/criou-depuis-clevieux-scaled.jpg\",\"contentUrl\":\"https:\\\/\\\/brasserieducriou.com\\\/wp-content\\\/uploads\\\/2023\\\/02\\\/criou-depuis-clevieux-scaled.jpg\",\"width\":1920,\"height\":2560},{\"@type\":\"BreadcrumbList\",\"@id\":\"https:\\\/\\\/brasserieducriou.com\\\/index.php\\\/ou-nous-trouver\\\/#breadcrumb\",\"itemListElement\":[{\"@type\":\"ListItem\",\"position\":1,\"name\":\"Accueil\",\"item\":\"https:\\\/\\\/brasserieducriou.com\\\/\"},{\"@type\":\"ListItem\",\"position\":2,\"name\":\"Nos distributeurs\"}]},{\"@type\":\"WebSite\",\"@id\":\"https:\\\/\\\/brasserieducriou.com\\\/#website\",\"url\":\"https:\\\/\\\/brasserieducriou.com\\\/\",\"name\":\"Brasserieducriou.com\",\"description\":\"\",\"publisher\":{\"@id\":\"https:\\\/\\\/brasserieducriou.com\\\/#organization\"},\"potentialAction\":[{\"@type\":\"SearchAction\",\"target\":{\"@type\":\"EntryPoint\",\"urlTemplate\":\"https:\\\/\\\/brasserieducriou.com\\\/?s={search_term_string}\"},\"query-input\":{\"@type\":\"PropertyValueSpecification\",\"valueRequired\":true,\"valueName\":\"search_term_string\"}}],\"inLanguage\":\"fr-FR\"},{\"@type\":\"Organization\",\"@id\":\"https:\\\/\\\/brasserieducriou.com\\\/#organization\",\"name\":\"Brasserie du Criou\",\"url\":\"https:\\\/\\\/brasserieducriou.com\\\/\",\"logo\":{\"@type\":\"ImageObject\",\"inLanguage\":\"fr-FR\",\"@id\":\"https:\\\/\\\/brasserieducriou.com\\\/#\\\/schema\\\/logo\\\/image\\\/\",\"url\":\"http:\\\/\\\/idhstba.cluster029.hosting.ovh.net\\\/wp-content\\\/uploads\\\/2023\\\/01\\\/cropped-cropped-logo-BDC-carre-scaled-1.jpg\",\"contentUrl\":\"http:\\\/\\\/idhstba.cluster029.hosting.ovh.net\\\/wp-content\\\/uploads\\\/2023\\\/01\\\/cropped-cropped-logo-BDC-carre-scaled-1.jpg\",\"width\":2000,\"height\":1704,\"caption\":\"Brasserie du Criou\"},\"image\":{\"@id\":\"https:\\\/\\\/brasserieducriou.com\\\/#\\\/schema\\\/logo\\\/image\\\/\"},\"sameAs\":[\"https:\\\/\\\/www.facebook.com\\\/brasserieducriou\",\"https:\\\/\\\/www.instagram.com\\\/brasserieducriou\\\/?hl=fr\"]}]}<\/script>\n<!-- \/ Yoast SEO plugin. -->","yoast_head_json":{"title":"Nos distributeurs - Brasserie du criou","robots":{"index":"index","follow":"follow","max-snippet":"max-snippet:-1","max-image-preview":"max-image-preview:large","max-video-preview":"max-video-preview:-1"},"canonical":"https:\/\/brasserieducriou.com\/index.php\/ou-nous-trouver\/","og_locale":"fr_FR","og_type":"article","og_title":"Nos distributeurs - Brasserie du criou","og_description":"Devenir Distributeur ? Vous \u00eates caviste, restaurateur, barman, \u00e9picerie, distributeur ? Nous avons certainement le produit qui conviendra \u00e0 vos clients ! Mise en place de tireuse possible pour les f\u00fbts, n&rsquo;h\u00e9sitez pas \u00e0 nous contacter. Contactez-nous O\u00f9 nous trouver ? SAMOENS SUPERETTES \/ MAGASINS Sherpa &#8211; 224 Rue Des Billets L&rsquo;art des Choix &#8211; [&hellip;]","og_url":"https:\/\/brasserieducriou.com\/index.php\/ou-nous-trouver\/","og_site_name":"Brasserie du criou","article_publisher":"https:\/\/www.facebook.com\/brasserieducriou","article_modified_time":"2025-09-29T09:05:47+00:00","og_image":[{"width":1920,"height":2560,"url":"https:\/\/brasserieducriou.com\/wp-content\/uploads\/2023\/02\/criou-depuis-clevieux-scaled.jpg","type":"image\/jpeg"}],"twitter_card":"summary_large_image","twitter_misc":{"Dur\u00e9e de lecture estim\u00e9e":"2 minutes"},"schema":{"@context":"https:\/\/schema.org","@graph":[{"@type":"WebPage","@id":"https:\/\/brasserieducriou.com\/index.php\/ou-nous-trouver\/","url":"https:\/\/brasserieducriou.com\/index.php\/ou-nous-trouver\/","name":"Nos distributeurs - Brasserie du criou","isPartOf":{"@id":"https:\/\/brasserieducriou.com\/#website"},"primaryImageOfPage":{"@id":"https:\/\/brasserieducriou.com\/index.php\/ou-nous-trouver\/#primaryimage"},"image":{"@id":"https:\/\/brasserieducriou.com\/index.php\/ou-nous-trouver\/#primaryimage"},"thumbnailUrl":"https:\/\/brasserieducriou.com\/wp-content\/uploads\/2023\/02\/criou-depuis-clevieux-scaled.jpg","datePublished":"2023-02-03T13:42:48+00:00","dateModified":"2025-09-29T09:05:47+00:00","breadcrumb":{"@id":"https:\/\/brasserieducriou.com\/index.php\/ou-nous-trouver\/#breadcrumb"},"inLanguage":"fr-FR","potentialAction":[{"@type":"ReadAction","target":["https:\/\/brasserieducriou.com\/index.php\/ou-nous-trouver\/"]}]},{"@type":"ImageObject","inLanguage":"fr-FR","@id":"https:\/\/brasserieducriou.com\/index.php\/ou-nous-trouver\/#primaryimage","url":"https:\/\/brasserieducriou.com\/wp-content\/uploads\/2023\/02\/criou-depuis-clevieux-scaled.jpg","contentUrl":"https:\/\/brasserieducriou.com\/wp-content\/uploads\/2023\/02\/criou-depuis-clevieux-scaled.jpg","width":1920,"height":2560},{"@type":"BreadcrumbList","@id":"https:\/\/brasserieducriou.com\/index.php\/ou-nous-trouver\/#breadcrumb","itemListElement":[{"@type":"ListItem","position":1,"name":"Accueil","item":"https:\/\/brasserieducriou.com\/"},{"@type":"ListItem","position":2,"name":"Nos distributeurs"}]},{"@type":"WebSite","@id":"https:\/\/brasserieducriou.com\/#website","url":"https:\/\/brasserieducriou.com\/","name":"Brasserieducriou.com","description":"","publisher":{"@id":"https:\/\/brasserieducriou.com\/#organization"},"potentialAction":[{"@type":"SearchAction","target":{"@type":"EntryPoint","urlTemplate":"https:\/\/brasserieducriou.com\/?s={search_term_string}"},"query-input":{"@type":"PropertyValueSpecification","valueRequired":true,"valueName":"search_term_string"}}],"inLanguage":"fr-FR"},{"@type":"Organization","@id":"https:\/\/brasserieducriou.com\/#organization","name":"Brasserie du Criou","url":"https:\/\/brasserieducriou.com\/","logo":{"@type":"ImageObject","inLanguage":"fr-FR","@id":"https:\/\/brasserieducriou.com\/#\/schema\/logo\/image\/","url":"http:\/\/idhstba.cluster029.hosting.ovh.net\/wp-content\/uploads\/2023\/01\/cropped-cropped-logo-BDC-carre-scaled-1.jpg","contentUrl":"http:\/\/idhstba.cluster029.hosting.ovh.net\/wp-content\/uploads\/2023\/01\/cropped-cropped-logo-BDC-carre-scaled-1.jpg","width":2000,"height":1704,"caption":"Brasserie du Criou"},"image":{"@id":"https:\/\/brasserieducriou.com\/#\/schema\/logo\/image\/"},"sameAs":["https:\/\/www.facebook.com\/brasserieducriou","https:\/\/www.instagram.com\/brasserieducriou\/?hl=fr"]}]}},"jetpack_sharing_enabled":true,"_links":{"self":[{"href":"https:\/\/brasserieducriou.com\/index.php\/wp-json\/wp\/v2\/pages\/55","targetHints":{"allow":["GET"]}}],"collection":[{"href":"https:\/\/brasserieducriou.com\/index.php\/wp-json\/wp\/v2\/pages"}],"about":[{"href":"https:\/\/brasserieducriou.com\/index.php\/wp-json\/wp\/v2\/types\/page"}],"author":[{"embeddable":true,"href":"https:\/\/brasserieducriou.com\/index.php\/wp-json\/wp\/v2\/users\/1"}],"replies":[{"embeddable":true,"href":"https:\/\/brasserieducriou.com\/index.php\/wp-json\/wp\/v2\/comments?post=55"}],"version-history":[{"count":68,"href":"https:\/\/brasserieducriou.com\/index.php\/wp-json\/wp\/v2\/pages\/55\/revisions"}],"predecessor-version":[{"id":1061,"href":"https:\/\/brasserieducriou.com\/index.php\/wp-json\/wp\/v2\/pages\/55\/revisions\/1061"}],"wp:featuredmedia":[{"embeddable":true,"href":"https:\/\/brasserieducriou.com\/index.php\/wp-json\/wp\/v2\/media\/373"}],"wp:attachment":[{"href":"https:\/\/brasserieducriou.com\/index.php\/wp-json\/wp\/v2\/media?parent=55"}],"curies":[{"name":"wp","href":"https:\/\/api.w.org\/{rel}","templated":true}]}}